t of 213620?
1
What is the units digit of 320281?
1
What is the units digit of 1803370?
0
What is the ten thousands digit of 21171900?
7
What is the thousands digit of 17686863?
6
What is the tens digit of 16156515?
1
What is the hundreds digit of 1388245?
2
What is the tens digit of 363494?
9
What is the hundreds digit of 43213?
2
What is the hundred thousands digit of 658663?
6
What is the hundreds digit of 4368379?
3
What is the tens digit of 229543?
4
What is the hundreds digit of 60342?
3
What is the millions digit of 2140838?
2
What is the millions digit of 9036758?
9
What is the units digit of 2661675?
5
What is the hundreds digit of 320439?
4
What is the hundreds digit of 6252098?
0
What is the units digit of 3416573?
3
What is the ten thousands digit of 3702726?
0
What is the tens digit of 429379?
7
What is the ten thousands digit of 589644?
8
What is the hundred thousands digit of 5107978?
1
What is the units digit of 4537779?
9
What is the hundreds digit of 5090238?
2
What is the millions digit of 3519229?
3
What is the tens digit of 111279?
7
What is the units digit of 4143367?
7
What is the units digit of 156560?
0
What is the units digit of 1031658?
8
What is the thousands digit of 146661?
6
What is the hundreds digit of 922601?
6
What is the units digit of 17695218?
8
What is the hundreds digit of 871924?
9
What is the tens digit of 179474?
7
What is the millions digit of 2429473?
2
What is the thousands digit of 316910?
6
What is the tens digit of 762656?
5
What is the units digit of 14339?
9
What is the units digit of 2265809?
9
What is the hundreds digit of 5280061?
0
What is the tens digit of 14656836?
3
What is the ten thousands digit of 261533?
6
What is the hundred thousands digit of 210353?
2
What is the tens digit of 314865?
6
What is the ten thousands digit of 49867?
4
What is the tens digit of 5211774?
7
What is the hundreds digit of 25007081?
0
What is the tens digit of 5200767?
6
What is the hundreds digit of 112038?
0
What is the ten thousands digit of 3528471?
2
What is the hundreds digit of 162210?
2
What is the ten thousands digit of 3403166?
0
What is the ten thousands digit of 3245756?
4
What is the thousands digit of 1050500?
0
What is the hundred thousands digit of 1813824?
8
What is the units digit of 1707305?
5
What is the hundred thousands digit of 2947337?
9
What is the hundred thousands digit of 4215452?
2
What is the ten thousands digit of 805777?
0
What is the tens digit of 82048?
4
What is the units digit of 247372?
2
What is the units digit of 6692971?
1
What is the ten thousands digit of 5322578?
2
What is the units digit of 209060?
0
What is the tens digit of 93870?
7
What is the hundreds digit of 536029?
0
What is the hundred thousands digit of 7485121?
4
What is the hundreds digit of 412494?
4
What is the hundreds digit of 4428716?
7
What is the ten thousands digit of 119448?
1
What is the units digit of 144967?
7
What is the thousands digit of 297444?
7
What is the hundreds digit of 1944256?
2
What is the ten thousands digit of 20698?
2
What is the units digit of 3664723?
3
What is the thousands digit of 287688?
7
What is the hundreds digit of 701771?
7
What is the thousands digit of 28096189?
6
What is the hundred thousands digit of 1204510?
2
What is the thousands digit of 816799?
6
What is the thousands digit of 14897573?
7
What is the hundreds digit of 211098?
0
What is the ten thousands digit of 85937?
8
What is the units digit of 122368?
8
What is the hundreds digit of 3589006?
0
What is the thousands digit of 390024?
0
What is the ten thousands digit of 1096473?
9
What is the hundred thousands digit of 19703597?
7
What is the units digit of 16610442?
2
What is the units digit of 3073059?
9
What is the tens digit of 1123107?
0
What is the hundred thousands digit of 107502?
1
What is the hundreds digit of 1359084?
0
What is the ten thousands digit of 10614179?
1
What is the ten thousands digit of 7031104?
3
What is the units digit of 1931640?
0
What is the tens digit of 4044204?
0
What is the hundred thousands digit of 18346620?
3
What is the tens digit of 5197972?
7
What is the hundreds digit of 8418772?
7
What is the hundred thousands digit of 464859?
4
What is the millions digit of 1828002?
1
What is the hundreds digit of 127627?
6
What is the millions digit of 10006102?
0
What is the hundreds digit of 156451?
4
What is the thousands digit of 235090?
5
What is the ten thousands digit of 13673521?
7
What is the hundreds digit of 235653?
6
What is the hundreds digit of 141186?
1
What is the units digit of 1328009?
9
What is the thousands digit of 38321?
8
What is the millions digit of 31179043?
1
What is the units digit of 680624?
4
What is the hundreds digit of 35247436?
4
What is the millions digit of 15946154?
5
What is the thousands digit of 2965935?
5
What is the hundreds digit of 6769857?
8
What is the hundred thousands digit of 2713715?
7
What is the hundreds digit of 2517418?
4
What is the ten thousands digit of 654331?
5
What is the hundreds digit of 2154126?
1
What is the units digit of 1692336?
6
What is the thousands digit of 3328769?
8
What is the millions digit of 1237942?
1
What is the units digit of 3139871?
1
What is the tens digit of 134954?
5
What is the ten thousands digit of 712124?
1
What is the units digit of 2041573?
3
What is the hundred thousands digit of 1191535?
1
What is the ten thousands digit of 607561?
0
What is the ten thousands digit of 1189246?
8
What is the hundred thousands digit of 26270935?
2
What is the thousands digit of 5708386?
8
What is the ten thousands digit of 592013?
9
What is the thousands digit of 982550?
2
What is the hundred thousands digit of 2633035?
6
What is the hundreds digit of 210453?
4
What is the ten thousands digit of 20639649?
3
What is the thousands digit of 3319532?
9
What is the units digit of 334482?
2
What is the units digit of 1276392?
2
What is the hundreds digit of 432223?
2
What is the thousands digit of 172925?
2
What is the ten thousands digit of 1507163?
0
What is the units digit of 175588?
8
What is the units digit of 3853689?
9
What is the tens digit of 120829?
2
What is the units digit of 617369?
9
What is the hundreds digit of 385772?
7
What is the hundred thousands digit of 3416828?
4
What is the hundreds digit of 282073?
0
What is the hundred thousands digit of 583101?
5
What is the units digit of 11580058?
8
What is the hundreds digit of 913405?
4
What is the hundred thousands digit of 766280?
7
What is the ten thousands digit of 1037391?
3
What is the hundreds digit of 1380978?
9
What is the tens digit of 4707651?
5
What is the tens digit of 29491847?
4
What is the hundreds digit of 340540?
5
What is the ten thousands digit of 49265?
4
What is the thousands digit of 26450?
6
What is the ten thousands digit of 1348706?
4
What is the millions digit of 6760325?
6
What is the hundred thousands digit of 247852?
2
What is the millions digit of 11827202?
1
What is the millions digit of 1541828?
1
What is the ten thousands digit of 551957?
5
What is the ten thousands digit of 555025?
5
What is the thousands digit of 660291?
0
What is the units digit of 1505905?
5
What is the millions digit of 3159916?
3
What is the tens digit of 198251?
5
What is the units digit of 6495828?
8
What is the hundred thousands digit of 874738?
8
What is the millions digit of 15720374?
5
What is the tens digit of 3175798?
9
What is the millions digit of 1194464?
1
What is the millions digit of 1615627?
1
What is the hundred thousands digit of 293488?
2
What is the thousands digit of 2008446?
8
What is the millions digit of 8265131?
8
What is the ten thousands digit of 713696?
1
What is the units digit of 1068380?
0
What is the units digit of 2811904?
4
What is the thousands digit of 195277?
5
What is the thousands digit of 1404360?
4
What is the units digit of 869408?
8
What is the hundred thousands digit of 36326962?
3
What is the ten thousands digit of 19083975?
8
What is the units digit of 6980765?
5
What is the units digit of 5545587?
7
What is the tens digit of 325082?
8
What is the thousands digit of 12423767?
3
What is the ten thousands digit of 146224?
4
What is the millions digit of 7316287?
7
What is the units digit of 518